{"id":379,"date":"2026-02-20T17:46:57","date_gmt":"2026-02-20T16:46:57","guid":{"rendered":"https:\/\/fusspflege-koester.de\/?page_id=379"},"modified":"2026-02-20T17:54:10","modified_gmt":"2026-02-20T16:54:10","slug":"imprint","status":"publish","type":"page","link":"https:\/\/fusspflege-koester.de\/?page_id=379","title":{"rendered":"Impressum"},"content":{"rendered":"\t\t<div data-elementor-type=\"wp-page\" data-elementor-id=\"379\" class=\"elementor elementor-379\" data-elementor-post-type=\"page\">\n\t\t\t\t\t\t<section class=\"elementor-section elementor-top-section elementor-element elementor-element-1e72ba5 elementor-section-height-min-height elementor-section-content-middle elementor-section-items-bottom elementor-hidden-desktop elementor-hidden-tablet elementor-section-boxed elementor-section-height-default\" data-id=\"1e72ba5\" data-element_type=\"section\" data-e-type=\"section\" data-settings=\"{&quot;background_background&quot;:&quot;classic&quot;}\">\n\t\t\t\t\t\t\t<div class=\"elementor-background-overlay\"><\/div>\n\t\t\t\t\t\t\t<div class=\"elementor-container elementor-column-gap-no\">\n\t\t\t\t\t<div class=\"elementor-column elementor-col-100 elementor-top-column elementor-element elementor-element-62204d1\" data-id=\"62204d1\" data-element_type=\"column\" data-e-type=\"column\">\n\t\t\t<div class=\"elementor-widget-wrap elementor-element-populated\">\n\t\t\t\t\t\t<div class=\"elementor-element elementor-element-de0bb59 elementor-widget elementor-widget-heading\" data-id=\"de0bb59\" data-element_type=\"widget\" data-e-type=\"widget\" data-widget_type=\"heading.default\">\n\t\t\t\t<div class=\"elementor-widget-container\">\n\t\t\t\t\t<h4 class=\"elementor-heading-title elementor-size-default\"><a href=\"https:\/\/fusspflege-koester.de\/\">Podologische Praxis und mobile Fu\u00dfpflege<\/a><\/h4>\t\t\t\t<\/div>\n\t\t\t\t<\/div>\n\t\t\t\t<div class=\"elementor-element elementor-element-0e199d6 elementor-widget elementor-widget-heading\" data-id=\"0e199d6\" data-element_type=\"widget\" data-e-type=\"widget\" data-widget_type=\"heading.default\">\n\t\t\t\t<div class=\"elementor-widget-container\">\n\t\t\t\t\t<h4 class=\"elementor-heading-title elementor-size-default\"><a href=\"https:\/\/fusspflege-koester.de\/\">K\u00f6ster<\/a><\/h4>\t\t\t\t<\/div>\n\t\t\t\t<\/div>\n\t\t\t\t\t<\/div>\n\t\t<\/div>\n\t\t\t\t\t<\/div>\n\t\t<\/section>\n\t\t\t\t<section class=\"elementor-section elementor-top-section elementor-element elementor-element-b326d95 elementor-section-height-min-height elementor-section-content-middle elementor-hidden-mobile elementor-section-boxed elementor-section-height-default elementor-section-items-middle\" data-id=\"b326d95\" data-element_type=\"section\" data-e-type=\"section\" data-settings=\"{&quot;background_background&quot;:&quot;classic&quot;}\">\n\t\t\t\t\t\t\t<div class=\"elementor-background-overlay\"><\/div>\n\t\t\t\t\t\t\t<div class=\"elementor-container elementor-column-gap-no\">\n\t\t\t\t\t<div class=\"elementor-column elementor-col-100 elementor-top-column elementor-element elementor-element-b9ddac5\" data-id=\"b9ddac5\" data-element_type=\"column\" data-e-type=\"column\">\n\t\t\t<div class=\"elementor-widget-wrap elementor-element-populated\">\n\t\t\t\t\t\t<div class=\"elementor-element elementor-element-c95ddff elementor-widget elementor-widget-heading\" data-id=\"c95ddff\" data-element_type=\"widget\" data-e-type=\"widget\" data-widget_type=\"heading.default\">\n\t\t\t\t<div class=\"elementor-widget-container\">\n\t\t\t\t\t<h4 class=\"elementor-heading-title elementor-size-default\"><a href=\"https:\/\/fusspflege-koester.de\/\">Podologische Praxis und mobile Fu\u00dfpflege<\/a><\/h4>\t\t\t\t<\/div>\n\t\t\t\t<\/div>\n\t\t\t\t<div class=\"elementor-element elementor-element-34c8bfe elementor-widget elementor-widget-heading\" data-id=\"34c8bfe\" data-element_type=\"widget\" data-e-type=\"widget\" data-widget_type=\"heading.default\">\n\t\t\t\t<div class=\"elementor-widget-container\">\n\t\t\t\t\t<h4 class=\"elementor-heading-title elementor-size-default\"><a href=\"https:\/\/fusspflege-koester.de\/\">K\u00f6ster<\/a><\/h4>\t\t\t\t<\/div>\n\t\t\t\t<\/div>\n\t\t\t\t\t<\/div>\n\t\t<\/div>\n\t\t\t\t\t<\/div>\n\t\t<\/section>\n\t\t\t\t<section class=\"elementor-section elementor-top-section elementor-element elementor-element-febd9c1 elementor-section-boxed elementor-section-height-default elementor-section-height-default\" data-id=\"febd9c1\" data-element_type=\"section\" data-e-type=\"section\">\n\t\t\t\t\t\t<div class=\"elementor-container elementor-column-gap-default\">\n\t\t\t\t\t<div class=\"elementor-column elementor-col-100 elementor-top-column elementor-element elementor-element-445cff5\" data-id=\"445cff5\" data-element_type=\"column\" data-e-type=\"column\">\n\t\t\t<div class=\"elementor-widget-wrap elementor-element-populated\">\n\t\t\t\t\t\t<div class=\"elementor-element elementor-element-55c83ab elementor-widget elementor-widget-erecht24\" data-id=\"55c83ab\" data-element_type=\"widget\" data-e-type=\"widget\" data-widget_type=\"erecht24.default\">\n\t\t\t\t<div class=\"elementor-widget-container\">\n\t\t\t\t\t<div class=\"erecht24-elementor-widget\"><div style=\"word-wrap: break-word;\"><h1>Impressum<\/h1>\n\n<p>Ilona K&ouml;ster<br \/>\nPodologische Praxis Ilona K&ouml;ster<br \/>\nLagesche Str. 31<br \/>\n32756 Detmold<\/p>\n\n<h2>Kontakt<\/h2>\n<p>Telefon: 052313020123<br \/>\nE-Mail: info@podologie-koester.de<\/p>\n\n<h2>Aufsichtsbeh&ouml;rde<\/h2>\n<p>ARGE Heilmittelzulassung NRW<br \/>\nc\/o Verband der Ersatzkassen e. V. (vdek)<br \/>\r\nGesch&auml;ftsstelle Westfalen-Lippe<br \/>\r\nK&ouml;nigswall 44<br \/>\r\n44137 Dortmund<\/p>\n<p><a href=\"https:\/\/www.zulassung-heilmittel.de\/argen\/NRW.html\" target=\"_blank\" rel=\"noopener noreferrer\">https:\/\/www.zulassung-heilmittel.de\/argen\/NRW.html<\/a><\/p>\n\n<h2>Berufsbezeichnung und berufsrechtliche Regelungen<\/h2>\n<p>Berufsbezeichnung:<br \/>\nPodologin<\/p>\n<p>Zust&auml;ndige Kammer:<br \/>\nGesundheitsamt Kreis Lippe<br \/>\r\nMedicum Lemgo<br \/>\r\n3. Etage<br \/>\r\nRintelner Stra&szlig;e 83<br \/>\r\n32657 Lemgo<\/p>\n<p>Verliehen in:<br \/>\nDeutschland<\/p>\n<h2>Angaben zur Berufs&shy;haftpflicht&shy;versicherung<\/h2>\n<p><strong>Name und Sitz des Versicherers:<\/strong><br \/>\nAllianz-Versicherungs AG<br \/>\r\nK&ouml;niginstr. 28<br \/>\r\n80802 M&uuml;nchen<\/p>\n<p><strong>Geltungsraum der Versicherung:<\/strong><br \/>Deutschland<\/p>\n\n<h2>Redaktionell verantwortlich<\/h2>\n<p>Ilona K&ouml;ster<br \/>\r\nLagesche Stra&szlig;e 31<br \/>\r\n32756 Detmold<\/p>\n\n<h2>Verbraucher&shy;streit&shy;beilegung\/Universal&shy;schlichtungs&shy;stelle<\/h2>\n<p>Wir sind nicht bereit oder verpflichtet, an Streitbeilegungsverfahren vor einer Verbraucherschlichtungsstelle teilzunehmen.<\/p><\/div><\/div>\t\t\t\t<\/div>\n\t\t\t\t<\/div>\n\t\t\t\t\t<\/div>\n\t\t<\/div>\n\t\t\t\t\t<\/div>\n\t\t<\/section>\n\t\t\t\t<footer class=\"elementor-section elementor-top-section elementor-element elementor-element-ca40e11 elementor-section-height-min-height elementor-section-content-middle elementor-section-boxed elementor-section-height-default elementor-section-items-middle\" data-id=\"ca40e11\" data-element_type=\"section\" data-e-type=\"section\" data-settings=\"{&quot;background_background&quot;:&quot;classic&quot;}\">\n\t\t\t\t\t\t<div class=\"elementor-container elementor-column-gap-default\">\n\t\t\t\t\t<div class=\"elementor-column elementor-col-100 elementor-top-column elementor-element elementor-element-85da5be\" data-id=\"85da5be\" data-element_type=\"column\" data-e-type=\"column\">\n\t\t\t<div class=\"elementor-widget-wrap elementor-element-populated\">\n\t\t\t\t\t\t<div class=\"elementor-element elementor-element-4542724 elementor-widget elementor-widget-text-editor\" data-id=\"4542724\" data-element_type=\"widget\" data-e-type=\"widget\" data-widget_type=\"text-editor.default\">\n\t\t\t\t<div class=\"elementor-widget-container\">\n\t\t\t\t\t\t\t\t\t<p><span style=\"color: #00ff00;\"><a style=\"color: #00ff00;\" href=\"https:\/\/fusspflege-koester.de\/?page_id=379\">Impressum<\/a><\/span><\/p>\t\t\t\t\t\t\t\t<\/div>\n\t\t\t\t<\/div>\n\t\t\t\t<div class=\"elementor-element elementor-element-d059253 elementor-widget elementor-widget-heading\" data-id=\"d059253\" data-element_type=\"widget\" data-e-type=\"widget\" data-widget_type=\"heading.default\">\n\t\t\t\t<div class=\"elementor-widget-container\">\n\t\t\t\t\t<p class=\"elementor-heading-title elementor-size-default\"><a href=\"https:\/\/fusspflege-koester.de\/\">\u00a9 2026 Podologische Praxis Ilona K\u00f6ster<\/a><\/p>\t\t\t\t<\/div>\n\t\t\t\t<\/div>\n\t\t\t\t\t<\/div>\n\t\t<\/div>\n\t\t\t\t\t<\/div>\n\t\t<\/footer>\n\t\t\t\t<\/div>\n\t\t","protected":false},"excerpt":{"rendered":"<p>Podologische Praxis und mobile Fu\u00dfpflege K\u00f6ster Podologische Praxis und mobile Fu\u00dfpflege K\u00f6ster Impressum Ilona K&ouml;ster Podologische Praxis Ilona K&ouml;ster Lagesche Str. 31 32756 Detmold Kontakt Telefon: 052313020123 E-Mail: info@podologie-koester.de Aufsichtsbeh&ouml;rde ARGE Heilmittelzulassung NRW c\/o Verband der Ersatzkassen e. V. (vdek) Gesch&auml;ftsstelle Westfalen-Lippe K&ouml;nigswall 44 44137 Dortmund https:\/\/www.zulassung-heilmittel.de\/argen\/NRW.html Berufsbezeichnung und berufsrechtliche Regelungen Berufsbezeichnung: Podologin Zust&auml;ndige Kammer: [&hellip;]<\/p>\n","protected":false},"author":1,"featured_media":0,"parent":0,"menu_order":0,"comment_status":"closed","ping_status":"closed","template":"elementor_canvas","meta":{"footnotes":"","_links_to":"","_links_to_target":""},"class_list":["post-379","page","type-page","status-publish","hentry"],"_links":{"self":[{"href":"https:\/\/fusspflege-koester.de\/index.php?rest_route=\/wp\/v2\/pages\/379","targetHints":{"allow":["GET"]}}],"collection":[{"href":"https:\/\/fusspflege-koester.de\/index.php?rest_route=\/wp\/v2\/pages"}],"about":[{"href":"https:\/\/fusspflege-koester.de\/index.php?rest_route=\/wp\/v2\/types\/page"}],"author":[{"embeddable":true,"href":"https:\/\/fusspflege-koester.de\/index.php?rest_route=\/wp\/v2\/users\/1"}],"replies":[{"embeddable":true,"href":"https:\/\/fusspflege-koester.de\/index.php?rest_route=%2Fwp%2Fv2%2Fcomments&post=379"}],"version-history":[{"count":17,"href":"https:\/\/fusspflege-koester.de\/index.php?rest_route=\/wp\/v2\/pages\/379\/revisions"}],"predecessor-version":[{"id":399,"href":"https:\/\/fusspflege-koester.de\/index.php?rest_route=\/wp\/v2\/pages\/379\/revisions\/399"}],"wp:attachment":[{"href":"https:\/\/fusspflege-koester.de\/index.php?rest_route=%2Fwp%2Fv2%2Fmedia&parent=379"}],"curies":[{"name":"wp","href":"https:\/\/api.w.org\/{rel}","templated":true}]}}